 i = j + 304. What is the remainder when 113 is divided by i?
26
Let m(s) = 28*s + 28. Let p be m(-1). Suppose p = -2*k + 8, 22 + 47 = 3*b + 3*k. What is the remainder when b is divided by 4?
3
Let u be 2*-1*-5*6/12. Suppose -3*y + 528 = -p, 0 = 5*y - 3*y - u*p - 339. What is the remainder when y is divided by 14?
9
Calculate the remainder when 242 is divided by (-235)/94*(-8 - 2).
17
Let i = -437 - -386. Suppose -30 = -3*y + 54. What is the remainder when y is divided by i/6 + 7 + (-23)/(-2)?
8
Suppose -40 = -t + 67. What is the remainder when t is divided by (-105)/(-9)*(15 - (-510)/(-35))?
2
Let j(f) be the second derivative of 3*f + 0 - 23/2*f**2 + 3*f**3. What is the remainder when j(7) is divided by 35?
33
Let k be -2 - (-6 + 2) - -3. Suppose 2*u = -2*f + 32, -4*f = -k*u + 158 - 51. Calculate the remainder when 75 is divided by u.
18
Let t = 138 + -138. Suppose -100*c + 103*c - 270 = t. Calculate the remainder when c is divided by 19.
14
Let k(g) = -2*g**2 + 15*g - 9. Suppose 3 = -3*a + 18. Suppose 54 = 4*b + a*b. Calculate the remainder when 42 is divided by k(b).
6
Suppose 12*r = -3*r + 1155. What is the remainder when 237 is divided by r?
6
Let x(l) = -1809*l + 1834*l - 24*l**2 - 5 - 19 + l**3. Let m be 23*2/(2*1). What is the remainder when 107 is divided by x(m)?
19
Let w(z) = -11*z - 27. Let y be w(-12). Let d = -94 + y. Suppose 3*t - o = 452, -458 = -2*t - t - 5*o. Calculate the remainder when t is divided by d.
8
Suppose 0 = -38*t - 455 + 3913. What is the remainder when t is divided by (-536)/(-24) + ((-32)/(-12) - 4)?
7
Suppose 655*z - 679*z + 137736 = 0. Calculate the remainder when z is divided by 99.
96
Let l(w) = w**2 + 19*w + 206. Suppose -9*q + 76 - 211 = 0. What is the remainder when l(q) is divided by 37?
35
Let k = 68 - -3. Let s = -155 - -162. Suppose -s*b + 24 = -6*b. What is the remainder when k is divided by b?
23
What is the remainder when 685 - (11/(-3) - (-128)/48) is divided by 30?
26
Calculate the remainder when 5 - (14 + -11 - (7 - 4 - -437)) is divided by 133.
43
Let n be (0 + -1 - (-4)/3)*-6. Let z(h) = h + 22. What is the remainder when 151 is divided by z(n)?
11
Suppose -4*u + 2*j = -46, -u + 3*j + 42 = 2*u. Suppose u*z = 11*z - 128. What is the remainder when 254 is divided by z?
62
Let i = 1212 - 1210. Let s = -7 + 9. Calculate the remainder when s is divided by i.
0
Let m be 2/((2/(-6))/((-194)/6)). Let s = -184 + m. What is the remainder when 14 is divided by s?
4
Suppose 25 = 4*o - 56*k + 55*k, 5*o - 45 = 4*k. What is the remainder when 1090 is divided by o?
0
Let r = -23122 - -25685. What is the remainder when r is divided by 10?
3
Let f(p) = -50*p**3 - 33*p**2 - 69*p - 10. Calculate the remainder when f(-2) is divided by 78.
6
Suppose -2110 = -83*w - 53*w + 28898. Let r(p) = -3*p. Let n be r(-2). Calculate the remainder when 109 is divided by ((9/(-3))/(-6))/(n/w).
14
Let q be (-12 - (-5 + 1)) + 8. Suppose 9*j - 380 + 263 = q. Calculate the remainder when 309 is divided by j.
10
Suppose 4*u - 1110 = 10*h - 12*h, -u = h - 561. What is the remainder when h is divided by 23?
15
Let a(i) be the first derivative of 5*i**2 + 250*i - 50. What is the remainder when 89 is divided by a(-22)?
29
Let c(t) = t**3 + 23*t**2 - 22*t + 56. Let u be c(-24). Suppose 4*v - 2*g - 98 = 0, u*g - 3*g + 107 = 4*v. What is the remainder when v is divided by 23?
0
Suppose 39*c - 122*c + 5229 = 0. Calculate the remainder when 1256 is divided by c.
59
Let z = 444 - 51. Let l = z + -342. Calculate the remainder when l is divided by 30.
21
Let w be -4 - (4 - (-22)/(-2)). Let j(q) = 39*q - 48. Calculate the remainder when j(w) is divided by 24.
21
Suppose -3*x - b + 22 = 0, -2*x + 4*b + 24 = 2*x. Suppose x*l = 54 + 58. Let v = -71 + 182. What is the remainder when v is divided by l?
15
Let s = 135 - -586. Suppose 481 = 2*d - 22*c + 21*c, -c = -3*d + s. Calculate the remainder when d is divided by 9.
6
Suppose -5*p + 4*b + 9 = 0, 0*p + b - 9 = -p. Let n(z) = -148 - 31 + 24*z - 4 - 16*z + 25*z. What is the remainder when n(6) is divided by p?
0
Suppose 5*b = 3*y + 321, 2*y + y - 183 = -3*b. Suppose -3*d = -13 + 28. What is the remainder when b is divided by d - ((-2 - 3) + -33)?
30
Let c be (-3)/(-12) + 2013/12. Suppose 4*h = 4*r - 196, -r = -5*r - 3*h + c. Suppose -116 = -9*y - 62. What is the remainder when r is divided by y?
3
Suppose -42*k = -39*k - 6, 5*k - 2462 = -4*j. Calculate the remainder when 620 is divided by j.
7
Suppose 0 = -29*f + 33*f - 432. Suppose -5*a + 97 + 23 = 2*b, 4*a + 4*b = f. Calculate the remainder when (-4 + 556/8)*2 is divided by a.
21
Let v be (365 + -1)/4 - -3. Let q = 109 - v. Let x(h) = -3*h - 13. Calculate the remainder when q is divided by x(-9).
1
Let q = 2385 + -2373. Suppose 0 = b - 1 - 3. Calculate the remainder when q is divided by b.
0
Suppose -14*n - 8*n - 88 = 0. Calculate the remainder when 252 is divided by (-3)/n*1972/87.
14
Let f = 30019 + -29742. Calculate the remainder when 277 is divided by f.
0
Let t(o) = -24*o + 1189. What is the remainder when 557 is divided by t(49)?
11
Let o(j) = -92*j - 38. Suppose 0 = 19*i + 109 + 138. Let y be o(i). Suppose 20*p - y = 14*p. Calculate the remainder when p is divided by 28.
25
Let i be (-1)/(-8*(-9)/(-20016)). Let k(f) = -5*f**3 - f. Let a be k(-2). Suppose 44*b - a*b - i = 0. What is the remainder when b is divided by 35?
34
Let a = -119 - -124. Let x(z) = 115*z + a*z**2 - 229*z + 120*z + 13. What is the remainder when x(-3) is divided by 15?
10
Let v(g) = 53*g - 3. Let l be v(3). Suppose -l = -7*y + 173. Suppose -38 + 46 = t. Calculate the remainder when y is divided by t.
7
Suppose -10872 = 3527*w - 3533*w. Calculate the remainder when w is divided by 49.
48
Let u(x) = -x**2 + 53*x + 58. What is the remainder when 5335 is divided by u(0)?
57
Suppose -3*j - 254 = 172. Let a be 4*1838/(-36) - 16/(-72). Let i = j - a. What is the remainder when i is divided by 14?
6
Let o = -6117 + 6797. Calculate the remainder when o is divided by 54.
32
Let u = -4 - -63. Let z = -66 + u. Calculate the remainder when ((408/(-10))/(-4))/(z/(-70)) is divided by 26.
24
Let f(j) = -j**3 + 54*j**2 - 29*j + 619. Calculate the remainder when f(40) is divided by 34.
31
Suppose -119*u + 67*u = -3588. Calculate the remainder when 554 is divided by u.
2
Let i(m) = 3*m**2 - 95*m + 136. Calculate the remainder when 206 is divided by i(31).
58
Suppose 4*f + 99 = 5*v, 2*f - 5*f = 3*v + 54. Let u(q) = 2*q**2 + 29*q - 38. What is the remainder when u(f) is divided by 24?
19
Suppose 13*g - 18*g = f - 10, -4*g = -4. Suppose 3*a + 39*n = 42*n + 63, 5*n - 145 = -f*a. What is the remainder when a is divided by 12?
1
Let g(i) = -93*i + 3*i**3 + 48*i + 46*i - 2. Let n(t) = -t + 7. Let v be n(6). What is the remainder when 11 is divided by g(v)?
1
Suppose 2112 + 572 = -q + 5*q. What is the remainder when q is divided by 234?
203
Let t = -1095 - -1148. Calculate the remainder when t is divided by 6.
5
Suppose 5*w - 60243 = 3*j, -7*w + 84345 = -57*j + 54*j. Calculate the remainder when w is divided by 123.
120
Let p = 1163 + -935. What is the remainder when p is divided by 222?
6
Suppose 5*q = u + 104, 0 = -4*q + 3*q - u + 16. Suppose -4*c = 4*l - 64, -6*c + 8*c - q = 4*l. What is the remainder when 5*(16/4 + 4) is divided by c?
12
Let m be 208 - 16/(20/(-5)). Suppose -l + m = 3*l. What is the remainder when l is divided by 15?
8
Suppose -15 = -3*u - a - 2*a, 3*a + 9 = 5*u. Suppose -2*p = -u*i + p - 138, 4*p = -4*i - 216. Let d = i + 74. What is the remainder when 166 is divided by d?
22
Suppose 15*m = 107901 - 10971. Calculate the remainder when m is divided by 132.
126
Suppose 53*v = 60*v - 21. Suppose -14*i + 3*h = -10*i - 55, 0 = i - v*h - 25. What is the remainder when 1428 is divided by i?
8
Let m(x) = 2*x**2 - x - 2. Let z be m(2). Suppose -3*r + 18*r - 45 = 0. Suppose -46 = -r*t + z*k - 5, 16 = t + k. What is the remainder when 21 is divided by t?
6
Let y be -1 - 3/((-5)/(-5)). Let s be 5 - 2 - (5 + y). Suppose -3*g + 31 = -s*g. What is the remainder when g is divided by 11?
9
Let f = -43 + 153. Let r = f - 47. Let t = -3824 + 3840. Calculate the remainder when r is divided by t.
15
Suppose -4072 - 4974 = -9*p + 593. Calculate the remainder when p is divided by 31.
17
What